e factors of q?
2, 3
Suppose 0 = -5*w + 3711 + 5189. What are the prime factors of w?
2, 5, 89
Let k(p) = -2 - 602*p + 604*p + 33. What are the prime factors of k(-7)?
17
Let o = 1542 - -158. List the prime factors of o.
2, 5, 17
Suppose -7*d - 10 = -5*g - 2*d, -5*d + 2 = -2*g. Suppose 4*o - 23 = o + g*u, -o + 3*u = -1. Let k = o + 0. List the prime factors of k.
13
Let d(a) = -8*a + 4*a + 20*a - 14. Let b be d(7). Let f = 167 - b. List the prime factors of f.
3, 23
Let h(c) = -c**3 - 22*c**2 + 32*c - 54. List the prime factors of h(-24).
2, 3, 5, 11
Suppose -2*d + 7 - 1 = 0. Let v be 3/(-9) - 47/d. Let k = -1 - v. List the prime factors of k.
3, 5
Suppose -v - 45 = 2*v. Let j = v - -19. List the prime factors of 5*j/(-40)*-62.
31
Suppose 51*g + 10280 = 54*g + 5*t, -t = -g + 3432. What are the prime factors of g?
2, 5, 7
Suppose 4*p + p = -20. Let a be p/(-14) + (-3400)/(-56). Suppose -2*h + a = 5*v + 2*h, -5*h = 5. List the prime factors of v.
13
Suppose 302 = 5*g + 87. Suppose -g = -3*s + 758. What are the prime factors of s?
3, 89
Let z(y) = -6*y - 28. Let l be z(-23). Suppose -t + l = -6. List the prime factors of t.
2, 29
Let w be (3 - 2)/((-1)/(-2)). Suppose y - 6 = -w*y. Suppose -y*b = b - 84. List the prime factors of b.
2, 7
Let w(n) = 7*n + 142. Let h be w(-23). Suppose -3 = 3*l - 0, 0 = 4*c + 2*l - 158. Let g = h + c. What are the prime factors of g?
3, 7
Suppose 2*b + 3*g - 74 = -0*g, -g = 2*b - 78. Suppose 0 = 11*u - 183 + b. List the prime factors of u.
13
Let i = 52 - 52. List the prime factors of i*1/(-4) + 236.
2, 59
Let q be (-837)/(-6)*(5 + (-4)/(-12)). Suppose q = p + 3*p. What are the prime factors of p?
2, 3, 31
Let f be ((-6)/4)/(6/(-8)). Let i(w) = 2*w**2 + 11*w + 2. Let h be i(-5). List the prime factors of -3 - f*69/h.
43
What are the prime factors of 1610/(-6)*(0 + 3/(-1))?
5, 7, 23
Suppose 2134 = 2*i + 2*s, 2*i = 5*s - 9*s + 2144. What are the prime factors of i?
2, 3, 59
Let w(p) be the second derivative of p**5/20 - 5*p**4/6 + 3*p**3/2 + 9*p**2/2 - 2*p. Let o(l) = -7*l - 19. Let z be o(-4). List the prime factors of w(z).
3
Suppose -2*k = -5*k - 9. Let b(q) be the second derivative of -q**5/20 - q**4/12 - 5*q**3/6 - q**2 - 12*q. What are the prime factors of b(k)?
31
Let m(v) = -5*v**3 + 5*v**2 - 7*v - 14. Let a be m(-4). What are the prime factors of (-6)/(-12)*a + -4?
7, 29
Suppose -2*x + 14 = -186. Let q = x + -39. List the prime factors of q.
61
Suppose -11*a + 7*a = 8. What are the prime factors of 3 - (a*4 + -2)?
13
Suppose 3*p + 1 = -8. Let j = p - -7. Suppose -2*l = -l + 3, -j*t = l - 89. List the prime factors of t.
23
Suppose -10*f + 3 = -13*f. Let j be 2/((-4)/10)*f. Suppose z = 3*t - 2*t - 19, -2*z - 110 = -j*t. What are the prime factors of t?
2, 3
Suppose 7*d + 1400 - 4130 = 0. What are the prime factors of d?
2, 3, 5, 13
Suppose -3*x = 3*i - 807, -i + 350 = -x + 79. What are the prime factors of i?
2, 3, 5
Suppose 0*d = -13*d + 3848. List the prime factors of d.
2, 37
Let h(j) = j**3 + 9*j**2 - 12*j - 15. Let w be h(-10). Suppose -n = -w*y + 18, -2*y - 122 = 3*n - 0*y. Let o = n + 83. List the prime factors of o.
3, 5
Let v be (-340)/(-25) - 2/(-5). Let l be (v/28)/((-1)/(-60)). Suppose l = 6*f - 132. List the prime factors of f.
3
Let o = 33 - 29. Suppose -l - 2*p = -3*p - 3, -l + 12 = -4*p. Suppose 2*z - o*z + 44 = l. What are the prime factors of z?
2, 11
Let d(n) = -241*n - 13. List the prime factors of d(-2).
7, 67
Suppose -32 = 4*t - 12, -4*d = 2*t - 1946. What are the prime factors of d?
3, 163
Suppose 3*p - 3763 = -1153. What are the prime factors of p?
2, 3, 5, 29
Suppose 0*y + 3*m = 2*y - 292, -3*y + m + 445 = 0. Let v = -94 + y. What are the prime factors of v?
5, 11
Let j be (4250/4 + 1)*(-64)/(-96). Let w = j - 464. List the prime factors of w.
5, 7
Suppose -83 = -2*c + 1041. What are the prime factors of c?
2, 281
Let f(y) = -3*y - 12. Let k be f(-5). Let d(n) be the first derivative of 4*n**3/3 - 2*n**2 + 2*n - 1. What are the prime factors of d(k)?
2, 13
Let q be -1 - ((0 - (2 + 15)) + -4). Let w be (-1*2)/2*-4. What are the prime factors of 2/w + 850/q?
43
Let q = -96 - -75. List the prime factors of (-2)/(-6) - 2303/q.
2, 5, 11
Suppose 4*c - 66 = -2*r, -3*c - 5*r = -25 - 14. Suppose 16*l + 138 = c*l. List the prime factors of l.
3, 23
Let n(k) = -k**3 - 20*k**2 - 19*k + 18. Let t be n(-19). Let z = 41 - t. List the prime factors of z.
23
Suppose -131 + 33 = -4*a - 3*y, 0 = -4*a + 5*y + 82. Suppose 5*c + c = 6. Let p = c + a. List the prime factors of p.
2, 3
Suppose 2*z = 639 + 245. What are the prime factors of z?
2, 13, 17
Let a be 1/(5/(-75)*-5). Let v(f) = -f**2 + 3*f + 5. List the prime factors of v(a).
5
Suppose -5*o = -2*n + 13, 0 = -3*n - 0*n + 3*o + 33. Suppose -2 = 2*g - n. List the prime factors of g.
2, 3
Let z be ((-170)/(-35) - 4)/(1/14). Suppose 0 = f - 2 - 2. What are the prime factors of f/(z/(-37))*-3?
37
Suppose -2 = -u - 0*u - l, -u = 3*l + 6. Let k(o) = 9*o + 2. List the prime factors of k(u).
2, 7
Suppose -4*v - 3*g + 6 = 0, -3*v + g - 2 = -0*g. Suppose v = -2*u - 4 + 22. What are the prime factors of (-26)/(-6) - 3/u?
2
Let q be -8 + 5/5 + (-3)/(-1). Let k(t) = -10*t - 1. List the prime factors of k(q).
3, 13
Suppose 0 = -2*y + 3 + 85. Suppose -3*g + 5*g + j = 28, j + y = 4*g. What are the prime factors of g?
2, 3
Let a be -2*-3*(-4)/(-3). Suppose 2*u - u - a = 0. List the prime factors of u/20 + (-116)/(-10).
2, 3
Suppose -5*j - 45 = -5*h, -4*h = h + j - 21. Suppose -h*r + 113 = 3*c, 4 = -c - 0. What are the prime factors of r?
5
Let r(a) = a**3 - 45*a**2 + 51*a - 75. What are the prime factors of r(44)?
233
Let i(f) = f**3 - 3*f**2 - 5*f + 6. Let r be i(4). Suppose -3*c + 4*v + 39 = 0, r*c + 0*v - 27 = 3*v. Suppose 21 = 4*s + c. List the prime factors of s.
3
Suppose 0 = -2*u - 5*n + 347, -3*u - 172 = -4*u - n. Suppose 0 = 3*z + 3 - u. List the prime factors of z*(-4 + (-9)/(-2)).
2, 7
Let k(i) = 2*i**2 - 4*i - 19. List the prime factors of k(6).
29
Let k(x) = -4*x**2 - 2. Let y(m) = -m**2 + m. Let j(u) = -2*k(u) + 10*y(u). Let v be j(5). Let s(p) = 3*p**2 - 9*p + 14. What are the prime factors of s(v)?
2, 13
Suppose 5*f = -7*i + 11*i + 6470, 4*f = -4*i + 5176. What are the prime factors of f?
2, 647
Suppose -d - 69 = -4*n - 4*d, 3*n - 5*d = 59. Suppose -6*w - 250 = -214. Let x = n - w. List the prime factors of x.
2, 3
Suppose v - 1520 = -2*n, v + 5*n = -0*v + 1508. What are the prime factors of v?
2, 191
Let t(m) = -352*m**2 + m. Let i be t(-2). What are the prime factors of i/(-21) - (-2)/42*-3?
67
Let m = -546 - 46. What are the prime factors of m/(-9) + (-2)/(-9)?
2, 3, 11
Suppose 44 + 154 = -5*h + 4*u, -4*h - 162 = -5*u. Let d = h + 31. Let a(j) = 2*j**3 + 15*j**2 + 3*j - 16. What are the prime factors of a(d)?
2, 3
Suppose 5*n = x - 13, -5*n - 5*x + 7 = 2. List the prime factors of (-3)/(n/(2 + 6)).
2, 3
Suppose 653 = n + x, -4*n - x = -9*n + 3265. List the prime factors of n.
653
Let s(f) = 2*f**2 - 10*f - 12. Let z be s(10). Suppose -3*h + z = -h. Suppose -h = -l - 3*l. What are the prime factors of l?
11
Let q = -3 - -8. Suppose -2*g + 2*k - 10 = 0, 18 = -4*g - 0*g + q*k. List the prime factors of (-6 - g)/((-1)/(-15)).
3, 5
Suppose -11*a = -a - 100. Suppose a*z - 440 = 5*z. What are the prime factors of z?
2, 11
What are the prime factors of 8/22 - (-289216)/352?
2, 3, 137
Let y = 90 + -85. Let s be 0 - (21/(-3) + -3). Let n = s - y. List the prime factors of n.
5
Let g = -88 - -83. Let v = 101 - g. What are the prime factors of v?
2, 53
Suppose 23*x - 42*x = -14592. List the prime factors of x.
2, 3
Let n = 1 - 1. Let s(i) be the third derivative of -i**5/60 - i**4/24 + 4*i**3 + 3*i**2. What are the prime factors of s(n)?
2, 3
Let v(b) = -52*b + 13. List the prime factors of v(-8).
3, 11, 13
Let x(z) = -20*z - 3. Suppose 0 = -a + 5*f - 18, 0 = 4*a + 2*f - 0*f + 6. Let c be x(a). Let j = -37 + c. List the prime factors of j.
2, 5
Suppose -5*m - 9 = 1. Let i = m - -2. List the prime factors of (-1 - 0) + (30 - i).
29
List the prime factors of ((-4)/6)/(((-91)/26418)/13).
2, 17, 37
Suppose -5*i + 3 = 3*s, 1 = -2*s + 3. Let q be 100/((-16)/(-4)) - i. Suppose 3*c + c + 8 = 0, -5*c - q = -z. What are the prime factors of z?
3, 5
Let n = -989 + 50